{"id":184,"date":"2014-11-28T21:18:39","date_gmt":"2014-11-28T19:18:39","guid":{"rendered":"http:\/\/www.frommann-foto.de\/?page_id=184"},"modified":"2015-02-03T14:18:21","modified_gmt":"2015-02-03T12:18:21","slug":"about","status":"publish","type":"page","link":"https:\/\/www.frommann-foto.de\/?page_id=184","title":{"rendered":"About me"},"content":{"rendered":"<hr \/>\n<h3 style=\"text-align: center;\"><\/h3>\n<h3 style=\"text-align: center;\"><\/h3>\n<h3 style=\"text-align: center;\"><a href=\"http:\/\/www.frommann-foto.de\/wp-content\/uploads\/Portrait-SanaHL_0480.jpg\"><img loading=\"lazy\" class=\"alignnone  wp-image-503\" src=\"http:\/\/www.frommann-foto.de\/wp-content\/uploads\/Portrait-SanaHL_0480-602x800.jpg\" alt=\"Ronald Frommann\" width=\"224\" height=\"298\" srcset=\"https:\/\/www.frommann-foto.de\/wp-content\/uploads\/Portrait-SanaHL_0480.jpg 602w, https:\/\/www.frommann-foto.de\/wp-content\/uploads\/Portrait-SanaHL_0480-113x150.jpg 113w\" sizes=\"(max-width: 224px) 100vw, 224px\" \/><\/a><\/h3>\n<h3 style=\"text-align: center;\"><\/h3>\n<h3 style=\"text-align: center;\"><span style=\"color: #333333;\"><strong>Herzlich willkommen,\u00a0<\/strong><\/span>ihre Suche hat sich gelohnt.<\/h3>\n<p style=\"text-align: center;\"><strong>Wenn<\/strong> sie mit einem Fotografen zusammenarbeiten m\u00f6chten, der ihre anspruchsvollen Bildideen kreativ und professionell umsetzt, &#8230;<\/p>\n<p style=\"text-align: center;\"><strong>wenn<\/strong> sie Fotoproduktionen in die H\u00e4nde eines erfahrenen Fotodesigners geben m\u00f6chte, ohne sich um jedes Detail k\u00fcmmern zu m\u00fcssen, &#8230;<\/p>\n<p style=\"text-align: center;\"><strong>wenn<\/strong> sie einen journalistisch denkenden Fotoreporter brauchen, dem sie nicht alles vorrecherchieren m\u00fcssen, &#8230;<\/p>\n<p style=\"text-align: center;\"><strong>wenn<\/strong> sie einen Fotografen brauchen, der sich auch in sensiblem Umfeld sicher bewegen kann, &#8230;<\/p>\n<p style=\"text-align: center;\"><strong>wenn<\/strong> sie Authentizit\u00e4t und gute Bilder m\u00f6gen, &#8230;<\/p>\n<p style=\"text-align: center;\"><strong>wenn<\/strong> sie jemanden ben\u00f6tigen, der ihre Mitarbeiter fotografisch bestens ins Szene setzt, &#8230;<\/p>\n<p style=\"text-align: center;\"><strong>wenn<\/strong> sie komplexe Inhalte im Bereich Forschung und Technik visualisiert haben m\u00f6chten, &#8230;<\/p>\n<p style=\"text-align: center;\"><strong>wenn<\/strong> sie nicht \u00fcber ein Riesenbudget verf\u00fcgen, aber trotzdem einen eindrucksstarken Imagefilm auf ihrer Webseite zeigen wollen, &#8230;<\/p>\n<h3 style=\"text-align: center;\"><strong><span style=\"color: #333333;\">&#8230;dann sind sie hier richtig.<\/span><\/strong><\/h3>\n<p style=\"text-align: center;\"><span style=\"color: #333333;\">Ich mache seit 30 Jahren Bilder und Geschichten f\u00fcr die besten Magazine, Agenturen und Firmen. Vielleicht ja auch bald f\u00fcr sie?<\/span><\/p>\n<p style=\"text-align: center;\"><span style=\"color: #333333;\">Seit einiger Zeit biete ich zusammen mit erfahrenen Kollegen auch Filmproduktion im Bereich Imagefilm an.<\/span><\/p>\n<p style=\"text-align: center;\"><span style=\"color: #333333;\">Rufen sie mich an, wenn sie mehr \u00fcber meine Arbeit erfahren wollen, oder einfach ein Problem weniger auf dem Tisch haben wollen.<\/span><\/p>\n<hr \/>\n","protected":false},"excerpt":{"rendered":"<p>Herzlich willkommen,\u00a0ihre Suche hat sich gelohnt. Wenn sie mit einem Fotografen zusammenarbeiten m\u00f6chten, der ihre anspruchsvollen Bildideen kreativ und professionell umsetzt, &#8230; wenn sie Fotoproduktionen in die H\u00e4nde eines erfahrenen Fotodesigners geben m\u00f6chte, ohne sich um jedes Detail k\u00fcmmern zu m\u00fcssen, &#8230; wenn sie einen journalistisch denkenden Fotoreporter brauchen, dem \u2026 <a class=\"continue-reading-link\" href=\"https:\/\/www.frommann-foto.de\/?page_id=184\"> Continue reading <span class=\"meta-nav\">&rarr; <\/span><\/a><\/p>\n","protected":false},"author":1,"featured_media":0,"parent":0,"menu_order":0,"comment_status":"closed","ping_status":"closed","template":"template-onecolumn.php","meta":[],"_links":{"self":[{"href":"https:\/\/www.frommann-foto.de\/index.php?rest_route=\/wp\/v2\/pages\/184"}],"collection":[{"href":"https:\/\/www.frommann-foto.de\/index.php?rest_route=\/wp\/v2\/pages"}],"about":[{"href":"https:\/\/www.frommann-foto.de\/index.php?rest_route=\/wp\/v2\/types\/page"}],"author":[{"embeddable":true,"href":"https:\/\/www.frommann-foto.de\/index.php?rest_route=\/wp\/v2\/users\/1"}],"replies":[{"embeddable":true,"href":"https:\/\/www.frommann-foto.de\/index.php?rest_route=%2Fwp%2Fv2%2Fcomments&post=184"}],"version-history":[{"count":14,"href":"https:\/\/www.frommann-foto.de\/index.php?rest_route=\/wp\/v2\/pages\/184\/revisions"}],"predecessor-version":[{"id":507,"href":"https:\/\/www.frommann-foto.de\/index.php?rest_route=\/wp\/v2\/pages\/184\/revisions\/507"}],"wp:attachment":[{"href":"https:\/\/www.frommann-foto.de\/index.php?rest_route=%2Fwp%2Fv2%2Fmedia&parent=184"}],"curies":[{"name":"wp","href":"https:\/\/api.w.org\/{rel}","templated":true}]}}